+ 8 = 2*b - 4*b, 4 = -4*v - b. Suppose v = -3*x + 96 - 330. Let o = 238 + x. What is the greatest common factor of o and 20?
20
Suppose -344 = d - 438. Calculate the highest common factor of 1786 and d.
94
Let f = -62 + 50. Let j be (-3)/((-54)/f)*15/(-2). Calculate the highest common divisor of j and 55.
5
Suppose 90 = -7*x + 2*x. Let g = -8 - x. Suppose q + 2*q - 30 = 0. What is the highest common divisor of q and g?
10
Suppose 0 = z - 2, 0 = 5*g - 2*z - 1633 + 467. Calculate the highest common factor of 36 and g.
18
Let d be (-4)/10 + (-23)/5 - -35. Calculate the greatest common divisor of 345 and d.
15
Let k(w) = -w - 12. Let d be k(-14). Suppose d*o - 38 = 52. What is the greatest common divisor of 30 and o?
15
Let b be ((-24)/10)/((-231)/(-30) + -8). What is the greatest common factor of 184 and b?
8
Let b be (-20)/(5/(1 - 51)). Let v be (-1)/(-3) + b/30. Let s = -12 + 26. Calculate the highest common factor of v and s.
7
Let y = 4 - 3. Let g(b) be the first derivative of 24*b**4 - b**2/2 + 11. Let w be g(y). What is the highest common factor of w and 38?
19
Let m(w) = w. Let q(b) = 2*b**2 - 7*b - 12. Let x(u) = 2*m(u) + q(u). Let t be x(-3). Calculate the greatest common divisor of t and 3.
3
Suppose 71 = 4*p + 5*y - 62, -2*p - 2*y = -64. Suppose 468*a - 1485 = 463*a. What is the greatest common divisor of a and p?
27
Suppose -9*z - 238 = 140. Let a = 60 + z. What is the greatest common divisor of 3 and a?
3
Let n = 116 - 114. What is the highest common divisor of 8 and n?
2
Let i = -382 - -390. Let v(n) = n - 12. Let f be v(13). Calculate the highest common factor of i and f.
1
Let o = 88 - 24. Suppose 25 = 6*a - a. Suppose -b + a*x + 28 = 0, 0*b - 5*b + x = -44. Calculate the greatest common factor of o and b.
8
Let w(s) = s**3 + 14*s**2 - 18*s - 33. Let v be w(-15). Calculate the highest common divisor of v and 420.
12
Suppose 2*d = -d + 6. Let q = d + 13. Let t be 1/(6/4) - 11051/(-771). What is the greatest common divisor of t and q?
15
Suppose -5*z = -0*z - 195. Suppose 0 = 4*w - w - z. What is the greatest common factor of w and 117?
13
Let d be (-9)/(-6)*(-2 - -4). Let h(x) = -x**d + 3 - 2*x**2 - 13*x**3 - 2*x - 4. Let t be h(-1). What is the greatest common factor of t and 26?
13
Suppose -3*m + 2 = -10. Suppose 29 = 4*j - m*x + 5, 4*j = -2*x + 12. Let t be -3*(10/(-6) + 1). What is the greatest common factor of j and t?
2
Suppose i = 6*i - 10. Suppose -i*q = -236 - 34. Calculate the highest common factor of 90 and q.
45
Let c = -274 - -366. Calculate the greatest common factor of 460 and c.
92
Let d(g) = 87*g - 105. Let v be d(3). Let u(n) = n**2 + 2*n + 2. Let y be u(-6). Calculate the greatest common factor of v and y.
26
Let v = 553 + -371. Let t be ((-39)/(-3))/(7/63). Suppose 3*k + 2*i - v = 0, t = 2*k - i - 2*i. What is the highest common factor of 24 and k?
12
Let w(y) = -3*y + 3. Suppose -11 = -5*j - 1. Suppose -3*z = -j*z + 11. Let c be w(z). What is the highest common factor of 12 and c?
12
Let f be 42/4 + (-2)/4. Suppose -2*m = 6 - 26. Suppose p - m = -0. What is the highest common factor of p and f?
10
Suppose -4*n - 545 = -3*s, 0 = 2*s + 3*n - 6*n - 365. What is the highest common factor of s and 75?
25
Let l = -5 - -29. Suppose 4*a = -a + 2*k + 122, -2*k = 4*a - 94. Let c = a + 12. Calculate the greatest common factor of l and c.
12
Suppose 6*o - o - 5 = 0. Let h be (-75)/(-9) + -5 + (-14)/(-3). Calculate the greatest common factor of o and h.
1
Let z = -418 - -922. What is the highest common factor of z and 27?
9
Let s(f) = -34*f - 214. Let p be s(-8). Calculate the highest common divisor of p and 3.
1
Let w(z) = z**2 - z - 2. Let j be w(-6). Let b be 20*7/(-56)*-2. What is the highest common divisor of b and j?
5
Suppose 0*b - 3*b + 12 = 0. Suppose 16 = b*p, -p = 2*g + g - 28. Let f be 1136/96 - (-1)/6. Calculate the highest common divisor of g and f.
4
Let q = 3 - -41. Let h be (-2 + 12)/(8/q). Let s be 4*5/4*1. Calculate the greatest common factor of s and h.
5
Let a be (-1 + 18 - 17) + 1 + 307. Calculate the highest common divisor of a and 33.
11
Let j = 171 + -148. Let k = 97 - 28. Calculate the highest common divisor of j and k.
23
Suppose -13*p + 88 = -9*p. Suppose 3*j + p = 136. Calculate the greatest common factor of j and 114.
38
Suppose 2*n = 3*n - 4. Suppose 33 = 5*k - n*z - 19, 13 = 2*k + z. Let l = -2 + 34. What is the highest common divisor of k and l?
8
Let u(d) = d + 4. Let y be u(0). Suppose -y*q + 1 = -23. Let i be 11 + 21/(-6)*2. Calculate the highest common divisor of q and i.
2
Let a(x) = x + 43. Let g be a(-25). Let f be 0 + 0 - -2 - (g + -28). Suppose 2*h - 46 = 50. What is the greatest common factor of f and h?
12
Suppose 4*x = -5 + 29. Let a(v) = -44*v + 266. Let z be a(6). Calculate the greatest common divisor of z and x.
2
Let w = 53 - -24. Calculate the highest common divisor of 22 and w.
11
Let u(d) = 22*d**2 + 50*d - 246. Let t be u(6). Calculate the highest common divisor of 54 and t.
18
Let j(g) = -g**3 + g**2 + 3. Let v be j(0). Suppose 0 = v*n - 64 + 16. Suppose 8 = r - n. What is the highest common factor of r and 3?
3
Let k = 30 - 25. Suppose k*i = 4*x - 240, -2*x + i + 321 = 3*x. Calculate the highest common factor of x and 13.
13
Let b = -101 - -50. Let f = -38 - b. Calculate the highest common divisor of f and 26.
13
Let b(k) = 2*k**2 - 21*k + 5. Let x be b(11). Suppose a + 12 = 4*z, 2*z + z = -a + 16. What is the highest common factor of x and a?
4
Let z = 17 - 6. Suppose 7*s - 19 - 9 = 0. Let a = s + z. Calculate the greatest common divisor of a and 15.
15
Let u = 21 + 0. Let t(d) = d**2 - 10*d + 10. Let w be t(11). What is the highest common factor of u and w?
21
Let x(j) = j**2 - 3*j. Let w be x(0). Suppose 5*p - 60 - 180 = w. Calculate the highest common divisor of 12 and p.
12
Let j = -2 + -4. Let g be j/4*6*-1. Suppose 0 = 7*k - 12 + 5. Calculate the highest common divisor of k and g.
1
Suppose 9*b = -65 - 61. Let l be b/((-2 - 1)/6). Calculate the highest common divisor of 21 and l.
7
Suppose 15 = -5*x - 15. Let y be -8*3/x*1. Suppose 0 = 2*q + 5*z - 31, -2*q + z + 13 = -0*z. Calculate the greatest common divisor of q and y.
4
Let n = -635 - -645. Let x = 283 + -153. Calculate the highest common divisor of x and n.
10
Suppose 0 = -5*t + 5*o + 50, 0 = 4*t + 3*o - 11 - 22. Let b = 14 - t. Let x = b + 46. Calculate the highest common factor of 17 and x.
17
Let f(j) = j**2 + 12*j + 3. Let p be f(-16). Suppose v - 5*w - p = -v, -4*v + 147 = 3*w. Calculate the greatest common divisor of v and 45.
9
Let l be 3/(36/718) + (-9)/(-54). What is the highest common factor of l and 24?
12
Let a(l) = 4*l**2 + 11*l - 36. Let r be a(-13). Calculate the greatest common divisor of r and 355.
71
Suppose -2*r - 2*y = -64 - 102, 5*r + 3*y = 417. Suppose -3*c = c - 48. What is the highest common factor of c and r?
12
Let u be (5 + -2)/((-12)/(-112)). Let f be u/(-4)*(-48)/14. Let m = -39 + 99. What is the highest common factor of m and f?
12
Let i(v) = 241*v**3 + v**2 - 7*v + 5. Let a be i(1). Calculate the highest common factor of 192 and a.
48
Let c be (-4 + -22)/(-11 + 9). Calculate the highest common divisor of 377 and c.
13
Let j be 4/(-8) + 6/4. Suppose -3*w - 12 = -0*w. Let v be w/2*7/(-2). Calculate the greatest common divisor of v and j.
1
Let f(y) = y**2 + 8*y + 10. Let b be f(-8). Suppose 10*l = 321 - 21. Calculate the greatest common divisor of l and b.
10
Let r = -6 - 8. Let k = r - -18. Let v be (-6)/1 + k - -38. What is the greatest common factor of v and 18?
18
Let v = 61 + -35. Suppose -3*x + 191 = 4*q, -5*x + 86 = -q - 240. What is the greatest common factor of x and v?
13
Let a be 12087/(-12)*64/(-48). Calculate the highest common factor of 17 and a.
17
Let r = -45 - -25. Let y be (-128)/(-6) + r/60. Calculate the highest common factor of 7 and y.
7
Suppose 26*u = -0*u + 1508. Suppose 0*x = -z - x - 5, -7 = 3*z - x. Let b be z - -30 - (-2 - 0). Calculate the highest common divisor of u and b.
29
Let i(s) = 2*s**3 + 74*s**2 + 2*s + 266. Let b be i(-37). What is the greatest common factor of b and 448?
64
Suppose -27*q - 669 + 5934 = 0. Calculate the highest common factor of q and 117.
39
Suppose 2*h = -5*m + 18, -2*h = m - 4*m - 2. Calculate the greatest common fact